2 - 2*j - 5. What is q(u)?
10
Let y = -10 - -14. Suppose -80 = y*b + 80. Let d be (b/140)/(1/(-14)). Let w(l) = 2*l**2 - 5*l + 2. Give w(d).
14
Let q = -13 + 19. Let j(y) be the third derivative of 0 - 45*y**2 + 1/24*y**4 + 0*y - y**3. Determine j(q).
0
Let n(i) = 2*i**2 + 3*i + 122 - 133 - i. Let v be n(-3). Let x(a) be the first derivative of -9*a**2 + a - 1. What is x(v)?
-17
Let b(v) = 4*v + 153. Let x(a) = 5*a + 183. Let g(l) = 6*b(l) - 5*x(l). Give g(-9).
12
Let w = -117 - -138. Let s(n) = 3*n - 70. Let x be s(w). Let t(c) = -c**2 - 8*c - 7. Give t(x).
0
Let v = -154 + 165. Suppose v = n + 7. Let s(i) = i**2 - 6*i + 5. Determine s(n).
-3
Suppose 0 = 147*q + 4232 + 1501. Let m(k) = 5*k + 202. Determine m(q).
7
Let z(i) = -i**3 + 221*i**2 - 5*i + 7. Let q be z(0). Let t(p) = -p - 4. Let r be t(-7). Let y(x) = -2*x**2 + x**r - 5*x**2 - 2*x + 14 - 5. Give y(q).
-5
Let p(w) be the second derivative of 9*w - 3/2*w**2 - 1/2*w**3 + 0. Let q be (-1)/(-10 + (-155)/(-15)). Determine p(q).
6
Let m(y) = -54 + 18 + 87*y - 167*y + 90*y. Let z be m(4). Let b(t) = 3*t - 1. Determine b(z).
11
Suppose -5*f = 7*j - 35 - 19, -2*j + 14 = 0. Let b(m) be the second derivative of m**3/6 - 3*m**2/2 + 2*m. Give b(f).
-2
Let g(a) be the second derivative of 5*a**3/6 - a**2 + 40*a - 23. Give g(-16).
-82
Suppose -5 = 5*w + 5*y - 0, -4*w + 17 = -3*y. Let r be w/(-10) - (-78)/(-10). Let b(i) = -2111 + 1061 + 1046 - i. Give b(r).
4
Suppose -5*q - 25 = 5. Let s = 160 + -115. Let k(t) = -s - t + 89 - 42. What is k(q)?
8
Let t(w) = 2*w**2 + 4*w - 1. Let x(z) = 14*z**2 + 20*z - 22. Let y(h) = -6*t(h) + x(h). Give y(7).
54
Let y(g) = -8 + 50301*g + 3*g**2 + 2*g**2 - 50298*g - 3*g**2 + 2*g**2. Let u(r) = -r**2. Let j(z) = -5*u(z) - y(z). Determine j(4).
12
Let c(r) = -r**2 + 6*r - 10. Suppose 4*f = 3*z + 229, -5*z = -7*f + 2*f + 380. Let o = -70 - z. Suppose o = -i - p + 16, p + 24 = 4*i. Determine c(i).
-17
Let a(x) = 3*x - 135. Let p be (-56)/(-42) - 262/(-6). Calculate a(p).
0
Suppose -8 = 9*b - 7*b. Let w(q) = 3*q**3 + 4*q**2 + 4*q + 3. Let l(z) = z**2 + z + 1. Let n(k) = b*l(k) + w(k). Give n(-1).
-4
Suppose -2*m = -2*z + 12, 8 + 6 = z - 5*m. Let x(y) = 6*y**2 - 21*y - 14. Determine x(z).
-2
Let v(n) = n + 11. Let r(y) = -y - 5. Let x(j) = 9*r(j) + 4*v(j). Suppose -4*t + 22 = k + k, 0 = k - 5*t + 24. Calculate x(k).
-6
Let t(y) be the first derivative of -y**4/4 + 5*y**3/3 - 3*y**2/2 - 2*y + 1. Let c = -103124 - -103128. Give t(c).
2
Let p(m) be the second derivative of m**4/6 + m**3/2 - 14*m**2 + 4*m - 1075. What is p(3)?
-1
Let a(x) be the first derivative of -x**4/6 - x**3/2 - 9*x**2/2 + 4*x + 6. Let s(h) be the second derivative of a(h). Give s(-3).
9
Let h(p) = -140*p - 62. Let j(u) = -375*u - 188. Let z(o) = -8*h(o) + 3*j(o). Determine z(-16).
12
Let m(n) = 65846*n - 65834*n - 6 - n**3 + 6*n**2 + 0. What is m(7)?
29
Let k = 504 - 526. Let y be (-12)/(-5)*(-55)/k. Let h(d) = d + 2. Give h(y).
8
Suppose 29*n - 220 = 18*n. Suppose k + 3*k = -n. Let u(m) = m**2 - 2*m - 4. Let v(g) = -g - 1. Let a(h) = -u(h) + 5*v(h). Give a(k).
-11
Let z(r) = -13 - 13 + r + 6. Let l = 973 - 959. Calculate z(l).
-6
Let a(x) be the second derivative of -x**5/20 - x**4/4 + 2*x**3/3 - x**2 + 2*x - 29. What is a(-5)?
28
Let w be -3 - (-2 - -3) - 0. Let a(v) = -11*v**3 + 5*v**2 + 22*v + 42. Let h(x) = 14*x**3 - 7*x**2 - 29*x - 54. Let n(m) = 9*a(m) + 7*h(m). What is n(w)?
20
Let j(d) = 98*d + 495. Suppose -5*v - 2*v + 2*h = 27, -4*h = 5*v + 41. Determine j(v).
5
Let z(n) be the first derivative of n**5/20 + 7*n**4/12 - 4*n**3/3 - 3*n**2 - 42*n - 78. Let j(s) be the first derivative of z(s). What is j(-8)?
-6
Suppose -7*r = 126 - 196. Let y(j) = -3*j - 22. Calculate y(r).
-52
Suppose -240*g + 4 = -241*g. Let h(q) = 12*q + 49. Give h(g).
1
Let b(s) = 161*s - 4. Let g(o) = -81*o. Let l(r) = 2*b(r) + 4*g(r). Let n(w) = -w**2 - 7*w + 6. Let d be n(-8). Let k be d*(-3)/8*-8. Calculate l(k).
4
Let q(o) = -2*o**2 - 5*o - 3. Suppose 0 = 4*s + 3*a - 16, a - 2*a = 4*s. Give q(s).
-1
Let h(d) be the second derivative of -d**5/20 - 29*d**4/12 - 28*d**3/3 - 24*d**2 - d + 541. What is h(-27)?
6
Let a = -205 + 220. Suppose g = 5*t - 0*g - a, t - 17 = 3*g. Let c(s) = 2*s**3 + 4*s**2 - 2*s - 1. Give c(t).
27
Let k be (-1)/2 - (-35)/2. Suppose -4*j + k = 5. Let s(d) = -14*d + 1. Let h(q) = 80*q - 2. Let l(i) = h(i) + 6*s(i). Determine l(j).
-8
Let w(q) = 4 + q + 1 - 2 - 1. Suppose 3*l = 18*h - 16*h - 9, -2*l - 6 = -5*h. Give w(l).
-1
Let h(u) = 106 + 73*u - 190*u + 56*u + 70*u. What is h(-12)?
-2
Let a(k) = 12*k + 5. Let g = -1551 - -1554. Give a(g).
41
Suppose 5*k - 9 = 3*m + m, 0 = -2*k - m + 14. Let a(g) = -2*g - k*g + 4*g + 2*g - 15 + 2. Determine a(-5).
-8
Let y(v) = -v**3 + 42*v**2 - 182*v - 118. Let d be y(37). Let q(t) = -2*t**2 + 12*t + 193. Give q(d).
11
Let g(j) = -5*j**3 - 2*j**2 + 5*j - 4. Let o(p) = 9*p**3 + 3*p**2 - 10*p + 5. Let s(m) = 11*g(m) + 6*o(m). Calculate s(-4).
6
Let t(a) = 2*a**2 + 16*a + 25. Let u(y) = y**3 - 2*y**2 - 8*y + 10. Let q be u(3). What is t(q)?
-5
Suppose 3*f - 9 = 3*d, 2*d - 6 = -4*f - 0. Suppose c = 4*v - 4 + 22, -10 = f*v. Let p(g) = -3*g**3 + g**2 - g - 1. Determine p(c).
29
Let m = 13 - 8. Let i(o) be the third derivative of o**5/30 - o**4/4 + 2*o**3/3 - 2*o**2 - o - 142. Give i(m).
24
Let p(y) = 5*y**2 - 34*y + 126. Let g(t) = 2*t**2 + 2*t + 27. Let u(q) = -2*g(q) + p(q). Calculate u(36).
0
Let m(q) = 19*q**2 - 11*q + 3. Let z(v) = -8*v**2 + 5*v - 1. Let h(r) = -3*m(r) - 7*z(r). Suppose 13*u - 9*u = 12. What is h(u)?
-17
Let x be 8/6*30/4. Let u(j) be the second derivative of -j**5/20 + 11*j**4/12 - 3*j**3/2 - 5*j**2 + 94215*j. What is u(x)?
0
Let s(r) = 10*r - 1145. Let c(l) = -5*l + 471. Let d(f) = 7*c(f) + 3*s(f). Determine d(-37).
47
Let q(u) = -48*u + 3*u**3 - 56*u + 7 - 2*u**3 + 27 + 88*u - 12*u**2. Calculate q(13).
-5
Suppose -c = 8*x - 13, 82*x - 15 = 77*x. Let q(j) = -j**2 - 5*j + 72. Determine q(c).
6
Let i(c) = -9*c + 3. Suppose 3*b - 5*k = 22, -b - k + 2 = -0. Suppose -3*r + 3 = -5*l + 13, 0 = 2*l + 3*r - b. Calculate i(l).
-15
Let k = -8 + 14. Suppose 0 = 5*l + 2*i + 3*i, 2*l = -4*i - k. Let u(a) = 0*a - 1 - 6*a**l + 3*a - 3*a - a + a**2. Determine u(-1).
7
Let p(f) be the first derivative of -3*f**2/2 + 25*f + 6. Let x be p(9). Let c(b) = -b**2 + 2*b. Determine c(x).
-8
Suppose 32 - 28 = 2*h. Let u(l) = -2 - 1 + l - l**2 - h*l + 9. Calculate u(0).
6
Let k(z) be the third derivative of 13/6*z**3 + 0 + 0*z - 1/8*z**4 + 141*z**2. What is k(7)?
-8
Let m(z) = -z. Let h(d) = -d. Let j(a) = -h(a) + 2*m(a). Suppose 13*o + 5 = -8. Give j(o).
1
Let c(n) = 12*n + 346. Suppose -38*h = 15*h - 3*h + 1450. Give c(h).
-2
Let p(l) = l**2 + 17*l - 21. Suppose 378 = -107*k + 80*k. Calculate p(k).
-63
Let q(w) be the first derivative of w**4/2 + 7*w**3/3 - 5*w**2/2 + w - 323. What is q(-4)?
5
Let s(r) = 2*r + 921. Let b(a) = a + 313. Let l(q) = -3*b(q) + s(q). Let y = -18 + 10. What is l(y)?
-10
Let a(i) = 15*i - 4. Let d = -2756 - -2761. Calculate a(d).
71
Let n(u) = -5*u**2 - 6*u + 15. Let k(f) = 6*f**2 + 8*f - 16. Let r(a) = 4*k(a) + 5*n(a). Calculate r(5).
-4
Let g(r) = 13*r**3 - 22*r**2 - 22*r. Let b(h) = 7*h**3 - 5*h**2 - h + 1. Let y(d) = 2*b(d) - g(d). What is y(-10)?
2
Suppose 5*c - 34*c + 145 = 0. Let x(l) = 7*l**2 + l + 7. Let q(s) = -12*s**2 - 2*s - 12. Let v(r) = c*x(r) + 3*q(r). Let o = 0 - 0. Determine v(o).
-1
Let i(n) be the third derivative of -n**6/120 - 3*n**5/10 - 3*n**4/4 + 19*n**3/6 + 21*n**2 - n. Give i(-17).
36
Let t(a) be the second derivative of -7/2*a**2 + 106*a + 1/12*a**4 + 0 - 5/6*a**3. Calculate t(6).
-1
Let z(t) = -t**2 - 9*t + 22. Let l = -39 + -95. Let s = -145 - l. Determine z(s).
0
Let m(y) = y**3 + 3*y**2 - 3*y - 4. Let r(t) = -t**2 - t + 4. Let x(z) = z**2 + z - 6. Let k(s) = 3*r(s) + 2*x(s). Let c(i) = 4*k(i) - m(i). Give c(-7).
11
Let u(g) = -15*g - 22*g - 4 - 18*g + 52*g. Suppose -180 = -9*a - 153. What is u(a)?
-13
Let h(d) = d**3 + d**2 - 4*d - 6. Let z be h(2). Let u(g) = g**3 + g**2 + 3*g + 3. Give u(z).
-7
Let b(a) = -a + 5. Let k be (-2)/(-17) - 5298/(-51). Let v be -2 + -1 - k/(-2). Suppose -5*l - m + v = 0, -2*l + 29 = l + m. Give b(l).
-5
Suppose 0 = 8*y + 23 + 73. Let f = 14 + y. Suppose -f*l + 17 - 3 = 0. Let k(g) 